{"id":17,"date":"2017-06-06T09:22:16","date_gmt":"2017-06-06T09:22:16","guid":{"rendered":"http:\/\/era.skawina.pl\/filtry\/?page_id=17"},"modified":"2018-01-26T08:47:15","modified_gmt":"2018-01-26T08:47:15","slug":"oferta-filtry-workowe-odpylanie","status":"publish","type":"page","link":"http:\/\/era.skawina.pl\/filtry\/oferta-filtry-workowe-odpylanie\/","title":{"rendered":"Oferta"},"content":{"rendered":"\t\t<div data-elementor-type=\"wp-post\" data-elementor-id=\"17\" class=\"elementor elementor-17 elementor-bc-flex-widget\" data-elementor-settings=\"[]\">\n\t\t\t\t\t\t<div class=\"elementor-inner\">\n\t\t\t\t\t\t\t<div class=\"elementor-section-wrap\">\n\t\t\t\t\t\t\t<section class=\"elementor-section elementor-top-section elementor-element elementor-element-j5ljt1w elementor-section-boxed elementor-section-height-default elementor-section-height-default\" data-id=\"j5ljt1w\" data-element_type=\"section\">\n\t\t\t\t\t\t<div class=\"elementor-container elementor-column-gap-default\">\n\t\t\t\t\t\t\t<div class=\"elementor-row\">\n\t\t\t\t\t<div class=\"elementor-column elementor-col-100 elementor-top-column elementor-element elementor-element-en4k2fc\" data-id=\"en4k2fc\" data-element_type=\"column\">\n\t\t\t<div class=\"elementor-column-wrap elementor-element-populated\">\n\t\t\t\t\t\t\t<div class=\"elementor-widget-wrap\">\n\t\t\t\t\t\t<div class=\"elementor-element elementor-element-dvu6hq3 elementor-widget elementor-widget-text-editor\" data-id=\"dvu6hq3\" data-element_type=\"widget\" data-widget_type=\"text-editor.default\">\n\t\t\t\t<div class=\"elementor-widget-container\">\n\t\t\t\t\t\t\t\t<div class=\"elementor-text-editor elementor-clearfix\">\n\t\t\t\t<h3 style=\"text-align: center;\"><strong>Projektowanie i kompleksowe wykonawstwo instalacji odpylaj\u0105cych<\/strong><\/h3><h3 style=\"text-align: center;\"><span style=\"font-family: arial,helvetica,sans-serif;\">PULSACYJNE FILTRY WORKOWE\u00a0<\/span><br \/> <span style=\"font-family: arial,helvetica,sans-serif;\"> POZIOME I PIONOWE skatalogowane (przyk\u0142adowe pliki w 3D do pobrania)<\/span><\/h3><h3 style=\"text-align: center;\"><span style=\"font-family: arial,helvetica,sans-serif;\">PULSACYJNE FILTRY WORKOWE\u00a0<\/span><br \/> <span style=\"font-family: arial,helvetica,sans-serif;\"> POZIOME I PIONOWE (projektowane dla ka\u017cdej wydajno\u015bci i dopasowane do wymaganych gabaryt\u00f3w)<\/span><\/h3><h3 style=\"text-align: center;\"><span style=\"font-family: arial,helvetica,sans-serif;\">\u00a0PIONOWE FILTRY CERAMICZNE<\/span><\/h3><h3 style=\"text-align: center;\"><span style=\"font-family: arial,helvetica,sans-serif;\"> (dla ka\u017cdej wydajno\u015bci i dopasowane do wymaganych gabaryt\u00f3w (do 700\u00b0C))<\/span><\/h3><h3 style=\"text-align: center;\">\u00a0<span style=\"font-family: arial,helvetica,sans-serif;\">Wykonujemy filtry, urz\u0105dzenia i instalacje w ATEX.<\/span><\/h3><h4 style=\"text-align: center;\">\u00a0<span style=\"font-family: arial,helvetica,sans-serif;\"><strong>Wykonywane przez nas urz\u0105dzenia i instalacje pozwalaj\u0105 dotrzyma\u0107 normy emisji wynikaj\u0105ce z BAT.<\/strong><\/span><\/h4><h4 style=\"text-align: center;\"><span style=\"font-family: arial,helvetica,sans-serif;\"><strong>W zakresie produkowanych urz\u0105dze\u0144 oferujemy r\u00f3wnie\u017c:<br \/> <\/strong><\/span><\/h4><ul style=\"list-style-type: circle;\"><li style=\"text-align: center;\"><span style=\"font-family: arial,helvetica,sans-serif; font-size: 14pt;\"><em>Cyklony<\/em><\/span><\/li><li style=\"text-align: center;\"><span style=\"font-family: arial,helvetica,sans-serif; font-size: 14pt;\"><em>Sch\u0142adzanie spalin metodami klasycznymi oraz wtryskiem wody<\/em><\/span><\/li><li style=\"text-align: center;\"><span style=\"font-family: arial,helvetica,sans-serif; font-size: 14pt;\"><em>Rynny aeracyjne klasyczne i z materia\u0142em porowatym<\/em><em>\u00a0<\/em><\/span><\/li><li style=\"text-align: center;\"><span style=\"font-family: arial,helvetica,sans-serif; font-size: 14pt;\"><em>Neutralizacja odor\u00f3w i zapach\u00f3w<\/em><\/span><\/li><li style=\"text-align: center;\"><span style=\"font-family: arial,helvetica,sans-serif; font-size: 14pt;\"><em>Ograniczanie i likwidacja ha\u0142asu (t\u0142umiki i obudowy)<\/em><\/span><\/li><li style=\"text-align: center;\"><span style=\"font-family: arial,helvetica,sans-serif; font-size: 14pt;\"><em>Przeno\u015bniki \u015blimakowe<\/em><\/span><\/li><li style=\"text-align: center;\"><span style=\"font-family: arial,helvetica,sans-serif; font-size: 14pt;\"><em>\u015aluzy szczelinowe do 250\u00b0 C<\/em><\/span><\/li><li style=\"text-align: center;\"><span style=\"font-family: arial,helvetica,sans-serif; font-size: 14pt;\"><em>Dozowniki celkowe<\/em><\/span><\/li><li style=\"text-align: center;\"><span style=\"font-family: arial,helvetica,sans-serif; font-size: 14pt;\"><em>Klapy i przepustnice<\/em><\/span><\/li><\/ul><h4 style=\"text-align: center;\"><span style=\"font-family: arial,helvetica,sans-serif;\"><strong><em>Opracowanie najnowocze\u015bniejszego, wytrzymuj\u0105cego du\u017ce przeci\u0105\u017cenia, filtra<br \/> w uk\u0142adzie poziomym z dwustronn\u0105 regeneracj\u0105, jest najwi\u0119kszym sukcesem naszej firmy.<\/em><\/strong><\/span><\/h4>\t\t\t\t\t<\/div>\n\t\t\t\t\t\t<\/div>\n\t\t\t\t<\/div>\n\t\t\t\t\t\t<\/div>\n\t\t\t\t\t<\/div>\n\t\t<\/div>\n\t\t\t\t\t\t\t\t<\/div>\n\t\t\t\t\t<\/div>\n\t\t<\/section>\n\t\t\t\t\t\t<\/div>\n\t\t\t\t\t\t<\/div>\n\t\t\t\t\t<\/div>\n\t\t ","protected":false},"excerpt":{"rendered":"<p>Projektowanie i kompleksowe wykonawstwo instalacji odpylaj\u0105cych PULSACYJNE FILTRY WORKOWE POZIOME I PIONOWE skatalogowane (przyk\u0142adowe pliki w 3D do pobrania) PULSACYJNE FILTRY WORKOWE POZIOME I PIONOWE (projektowane dla ka\u017cdej wydajno\u015bci i dopasowane do wymaganych gabaryt\u00f3w) \u00a0PIONOWE FILTRY CERAMICZNE (dla ka\u017cdej wydajno\u015bci i dopasowane do wymaganych gabaryt\u00f3w (do 700\u00b0C)) \u00a0Wykonujemy filtry, urz\u0105dzenia i instalacje w ATEX. \u00a0Wykonywane [&hellip;]<\/p>\n","protected":false},"author":1,"featured_media":0,"parent":0,"menu_order":0,"comment_status":"closed","ping_status":"closed","template":"","meta":[],"yoast_head":"<!-- This site is optimized with the Yoast SEO plugin v18.1 - https:\/\/yoast.com\/wordpress\/plugins\/seo\/ -->\n<title>Era Sp. z o.o. Neutralizacja, odpylanie,filtry, filtry workowe,<\/title>\n<meta name=\"description\" content=\"Neutralizacja, odpylanie,filtry, filtry workowe, Neutralizacja, odpylanie,filtry, filtry workowe,Era Skawina, Era Sp. z o.o., Krakow, Skawina, Krak\u00f3w, ochrona srodowiska, Neutralizacja, odpylanie,filtry, filtry workowe, biodegradacja, projektowanie i kompleksowe wykonawstwo instalacji odpylajacych,\" \/>\n<meta name=\"robots\" content=\"index, follow, max-snippet:-1, max-image-preview:large, max-video-preview:-1\" \/>\n<link rel=\"canonical\" href=\"http:\/\/era.skawina.pl\/filtry\/oferta-filtry-workowe-odpylanie\/\" \/>\n<meta property=\"og:locale\" content=\"pl_PL\" \/>\n<meta property=\"og:type\" content=\"article\" \/>\n<meta property=\"og:title\" content=\"Era Sp. z o.o. Neutralizacja, odpylanie,filtry, filtry workowe,\" \/>\n<meta property=\"og:description\" content=\"Neutralizacja, odpylanie,filtry, filtry workowe, Neutralizacja, odpylanie,filtry, filtry workowe,Era Skawina, Era Sp. z o.o., Krakow, Skawina, Krak\u00f3w, ochrona srodowiska, Neutralizacja, odpylanie,filtry, filtry workowe, biodegradacja, projektowanie i kompleksowe wykonawstwo instalacji odpylajacych,\" \/>\n<meta property=\"og:url\" content=\"http:\/\/era.skawina.pl\/filtry\/oferta-filtry-workowe-odpylanie\/\" \/>\n<meta property=\"og:site_name\" content=\"Era Sp. z o.o. Neutralizacja, odpylanie,filtry, filtry workowe,\" \/>\n<meta property=\"article:modified_time\" content=\"2018-01-26T08:47:15+00:00\" \/>\n<meta name=\"twitter:card\" content=\"summary_large_image\" \/>\n<meta name=\"twitter:label1\" content=\"Szacowany czas czytania\" \/>\n\t<meta name=\"twitter:data1\" content=\"1 minuta\" \/>\n<script type=\"application\/ld+json\" class=\"yoast-schema-graph\">{\"@context\":\"https:\/\/schema.org\",\"@graph\":[{\"@type\":\"Organization\",\"@id\":\"http:\/\/era.skawina.pl\/filtry\/#organization\",\"name\":\"Era Sp. z o.o. filtry workowe, neutralizcja, filtracja\",\"url\":\"http:\/\/era.skawina.pl\/filtry\/\",\"sameAs\":[],\"logo\":{\"@type\":\"ImageObject\",\"@id\":\"http:\/\/era.skawina.pl\/filtry\/#logo\",\"inLanguage\":\"pl-PL\",\"url\":\"http:\/\/era.skawina.pl\/filtry\/wp-content\/uploads\/2018\/01\/logo.gif\",\"contentUrl\":\"http:\/\/era.skawina.pl\/filtry\/wp-content\/uploads\/2018\/01\/logo.gif\",\"width\":421,\"height\":386,\"caption\":\"Era Sp. z o.o. filtry workowe, neutralizcja, filtracja\"},\"image\":{\"@id\":\"http:\/\/era.skawina.pl\/filtry\/#logo\"}},{\"@type\":\"WebSite\",\"@id\":\"http:\/\/era.skawina.pl\/filtry\/#website\",\"url\":\"http:\/\/era.skawina.pl\/filtry\/\",\"name\":\"Era Sp. z o.o. Neutralizacja, odpylanie,filtry, filtry workowe,\",\"description\":\"Neutralizacja, odpylanie,filtry, filtry workowe, Neutralizacja, odpylanie,filtry, filtry workowe,Era Skawina, Era Sp. z o.o., Krakow, Skawina,\",\"publisher\":{\"@id\":\"http:\/\/era.skawina.pl\/filtry\/#organization\"},\"potentialAction\":[{\"@type\":\"SearchAction\",\"target\":{\"@type\":\"EntryPoint\",\"urlTemplate\":\"http:\/\/era.skawina.pl\/filtry\/?s={search_term_string}\"},\"query-input\":\"required name=search_term_string\"}],\"inLanguage\":\"pl-PL\"},{\"@type\":\"WebPage\",\"@id\":\"http:\/\/era.skawina.pl\/filtry\/oferta-filtry-workowe-odpylanie\/#webpage\",\"url\":\"http:\/\/era.skawina.pl\/filtry\/oferta-filtry-workowe-odpylanie\/\",\"name\":\"Era Sp. z o.o. Neutralizacja, odpylanie,filtry, filtry workowe,\",\"isPartOf\":{\"@id\":\"http:\/\/era.skawina.pl\/filtry\/#website\"},\"datePublished\":\"2017-06-06T09:22:16+00:00\",\"dateModified\":\"2018-01-26T08:47:15+00:00\",\"description\":\"Neutralizacja, odpylanie,filtry, filtry workowe, Neutralizacja, odpylanie,filtry, filtry workowe,Era Skawina, Era Sp. z o.o., Krakow, Skawina, Krak\u00f3w, ochrona srodowiska, Neutralizacja, odpylanie,filtry, filtry workowe, biodegradacja, projektowanie i kompleksowe wykonawstwo instalacji odpylajacych,\",\"breadcrumb\":{\"@id\":\"http:\/\/era.skawina.pl\/filtry\/oferta-filtry-workowe-odpylanie\/#breadcrumb\"},\"inLanguage\":\"pl-PL\",\"potentialAction\":[{\"@type\":\"ReadAction\",\"target\":[\"http:\/\/era.skawina.pl\/filtry\/oferta-filtry-workowe-odpylanie\/\"]}]},{\"@type\":\"BreadcrumbList\",\"@id\":\"http:\/\/era.skawina.pl\/filtry\/oferta-filtry-workowe-odpylanie\/#breadcrumb\",\"itemListElement\":[{\"@type\":\"ListItem\",\"position\":1,\"name\":\"Strona g\u0142\u00f3wna\",\"item\":\"http:\/\/era.skawina.pl\/filtry\/\"},{\"@type\":\"ListItem\",\"position\":2,\"name\":\"Oferta\"}]}]}<\/script>\n<!-- \/ Yoast SEO plugin. -->","yoast_head_json":{"title":"Era Sp. z o.o. Neutralizacja, odpylanie,filtry, filtry workowe,","description":"Neutralizacja, odpylanie,filtry, filtry workowe, Neutralizacja, odpylanie,filtry, filtry workowe,Era Skawina, Era Sp. z o.o., Krakow, Skawina, Krak\u00f3w, ochrona srodowiska, Neutralizacja, odpylanie,filtry, filtry workowe, biodegradacja, projektowanie i kompleksowe wykonawstwo instalacji odpylajacych,","robots":{"index":"index","follow":"follow","max-snippet":"max-snippet:-1","max-image-preview":"max-image-preview:large","max-video-preview":"max-video-preview:-1"},"canonical":"http:\/\/era.skawina.pl\/filtry\/oferta-filtry-workowe-odpylanie\/","og_locale":"pl_PL","og_type":"article","og_title":"Era Sp. z o.o. Neutralizacja, odpylanie,filtry, filtry workowe,","og_description":"Neutralizacja, odpylanie,filtry, filtry workowe, Neutralizacja, odpylanie,filtry, filtry workowe,Era Skawina, Era Sp. z o.o., Krakow, Skawina, Krak\u00f3w, ochrona srodowiska, Neutralizacja, odpylanie,filtry, filtry workowe, biodegradacja, projektowanie i kompleksowe wykonawstwo instalacji odpylajacych,","og_url":"http:\/\/era.skawina.pl\/filtry\/oferta-filtry-workowe-odpylanie\/","og_site_name":"Era Sp. z o.o. Neutralizacja, odpylanie,filtry, filtry workowe,","article_modified_time":"2018-01-26T08:47:15+00:00","twitter_card":"summary_large_image","twitter_misc":{"Szacowany czas czytania":"1 minuta"},"schema":{"@context":"https:\/\/schema.org","@graph":[{"@type":"Organization","@id":"http:\/\/era.skawina.pl\/filtry\/#organization","name":"Era Sp. z o.o. filtry workowe, neutralizcja, filtracja","url":"http:\/\/era.skawina.pl\/filtry\/","sameAs":[],"logo":{"@type":"ImageObject","@id":"http:\/\/era.skawina.pl\/filtry\/#logo","inLanguage":"pl-PL","url":"http:\/\/era.skawina.pl\/filtry\/wp-content\/uploads\/2018\/01\/logo.gif","contentUrl":"http:\/\/era.skawina.pl\/filtry\/wp-content\/uploads\/2018\/01\/logo.gif","width":421,"height":386,"caption":"Era Sp. z o.o. filtry workowe, neutralizcja, filtracja"},"image":{"@id":"http:\/\/era.skawina.pl\/filtry\/#logo"}},{"@type":"WebSite","@id":"http:\/\/era.skawina.pl\/filtry\/#website","url":"http:\/\/era.skawina.pl\/filtry\/","name":"Era Sp. z o.o. Neutralizacja, odpylanie,filtry, filtry workowe,","description":"Neutralizacja, odpylanie,filtry, filtry workowe, Neutralizacja, odpylanie,filtry, filtry workowe,Era Skawina, Era Sp. z o.o., Krakow, Skawina,","publisher":{"@id":"http:\/\/era.skawina.pl\/filtry\/#organization"},"potentialAction":[{"@type":"SearchAction","target":{"@type":"EntryPoint","urlTemplate":"http:\/\/era.skawina.pl\/filtry\/?s={search_term_string}"},"query-input":"required name=search_term_string"}],"inLanguage":"pl-PL"},{"@type":"WebPage","@id":"http:\/\/era.skawina.pl\/filtry\/oferta-filtry-workowe-odpylanie\/#webpage","url":"http:\/\/era.skawina.pl\/filtry\/oferta-filtry-workowe-odpylanie\/","name":"Era Sp. z o.o. Neutralizacja, odpylanie,filtry, filtry workowe,","isPartOf":{"@id":"http:\/\/era.skawina.pl\/filtry\/#website"},"datePublished":"2017-06-06T09:22:16+00:00","dateModified":"2018-01-26T08:47:15+00:00","description":"Neutralizacja, odpylanie,filtry, filtry workowe, Neutralizacja, odpylanie,filtry, filtry workowe,Era Skawina, Era Sp. z o.o., Krakow, Skawina, Krak\u00f3w, ochrona srodowiska, Neutralizacja, odpylanie,filtry, filtry workowe, biodegradacja, projektowanie i kompleksowe wykonawstwo instalacji odpylajacych,","breadcrumb":{"@id":"http:\/\/era.skawina.pl\/filtry\/oferta-filtry-workowe-odpylanie\/#breadcrumb"},"inLanguage":"pl-PL","potentialAction":[{"@type":"ReadAction","target":["http:\/\/era.skawina.pl\/filtry\/oferta-filtry-workowe-odpylanie\/"]}]},{"@type":"BreadcrumbList","@id":"http:\/\/era.skawina.pl\/filtry\/oferta-filtry-workowe-odpylanie\/#breadcrumb","itemListElement":[{"@type":"ListItem","position":1,"name":"Strona g\u0142\u00f3wna","item":"http:\/\/era.skawina.pl\/filtry\/"},{"@type":"ListItem","position":2,"name":"Oferta"}]}]}},"_links":{"self":[{"href":"http:\/\/era.skawina.pl\/filtry\/wp-json\/wp\/v2\/pages\/17"}],"collection":[{"href":"http:\/\/era.skawina.pl\/filtry\/wp-json\/wp\/v2\/pages"}],"about":[{"href":"http:\/\/era.skawina.pl\/filtry\/wp-json\/wp\/v2\/types\/page"}],"author":[{"embeddable":true,"href":"http:\/\/era.skawina.pl\/filtry\/wp-json\/wp\/v2\/users\/1"}],"replies":[{"embeddable":true,"href":"http:\/\/era.skawina.pl\/filtry\/wp-json\/wp\/v2\/comments?post=17"}],"version-history":[{"count":13,"href":"http:\/\/era.skawina.pl\/filtry\/wp-json\/wp\/v2\/pages\/17\/revisions"}],"predecessor-version":[{"id":155,"href":"http:\/\/era.skawina.pl\/filtry\/wp-json\/wp\/v2\/pages\/17\/revisions\/155"}],"wp:attachment":[{"href":"http:\/\/era.skawina.pl\/filtry\/wp-json\/wp\/v2\/media?parent=17"}],"curies":[{"name":"wp","href":"https:\/\/api.w.org\/{rel}","templated":true}]}}